{"version":"1.0","provider_name":"Mon-taux.com - Blog des experts en frontaliers","provider_url":"https:\/\/mon-taux.com\/blog","author_name":"montaux","author_url":"https:\/\/mon-taux.com\/blog\/author\/montaux\/","title":"19\/01\/2015 - La vie avec la parit\u00e9 \u20ac\/CHF ! - Mon-taux.com - Blog des experts en frontaliers","type":"rich","width":600,"height":338,"html":"<blockquote class=\"wp-embedded-content\" data-secret=\"ewZYqVeFKW\"><a href=\"https:\/\/mon-taux.com\/blog\/2015\/01\/19\/19012015-la-vie-avec-la-parite-echf\/\">19\/01\/2015 &#8211; La vie avec la parit\u00e9 \u20ac\/CHF !<\/a><\/blockquote><iframe sandbox=\"allow-scripts\" security=\"restricted\" src=\"https:\/\/mon-taux.com\/blog\/2015\/01\/19\/19012015-la-vie-avec-la-parite-echf\/embed\/#?secret=ewZYqVeFKW\" width=\"600\" height=\"338\" title=\"\u00ab\u00a019\/01\/2015 &#8211; La vie avec la parit\u00e9 \u20ac\/CHF !\u00a0\u00bb &#8212; Mon-taux.com - Blog des experts en frontaliers\" data-secret=\"ewZYqVeFKW\" frameborder=\"0\" marginwidth=\"0\" marginheight=\"0\" scrolling=\"no\" class=\"wp-embedded-content\"><\/iframe><script>\n\/*! This file is auto-generated *\/\n!function(d,l){\"use strict\";l.querySelector&&d.addEventListener&&\"undefined\"!=typeof URL&&(d.wp=d.wp||{},d.wp.receiveEmbedMessage||(d.wp.receiveEmbedMessage=function(e){var t=e.data;if((t||t.secret||t.message||t.value)&&!\/[^a-zA-Z0-9]\/.test(t.secret)){for(var s,r,n,a=l.querySelectorAll('iframe[data-secret=\"'+t.secret+'\"]'),o=l.querySelectorAll('blockquote[data-secret=\"'+t.secret+'\"]'),c=new RegExp(\"^https?:$\",\"i\"),i=0;i<o.length;i++)o[i].style.display=\"none\";for(i=0;i<a.length;i++)s=a[i],e.source===s.contentWindow&&(s.removeAttribute(\"style\"),\"height\"===t.message?(1e3<(r=parseInt(t.value,10))?r=1e3:~~r<200&&(r=200),s.height=r):\"link\"===t.message&&(r=new URL(s.getAttribute(\"src\")),n=new URL(t.value),c.test(n.protocol))&&n.host===r.host&&l.activeElement===s&&(d.top.location.href=t.value))}},d.addEventListener(\"message\",d.wp.receiveEmbedMessage,!1),l.addEventListener(\"DOMContentLoaded\",function(){for(var e,t,s=l.querySelectorAll(\"iframe.wp-embedded-content\"),r=0;r<s.length;r++)(t=(e=s[r]).getAttribute(\"data-secret\"))||(t=Math.random().toString(36).substring(2,12),e.src+=\"#?secret=\"+t,e.setAttribute(\"data-secret\",t)),e.contentWindow.postMessage({message:\"ready\",secret:t},\"*\")},!1)))}(window,document);\n<\/script>\n","thumbnail_url":"https:\/\/mon-taux.com\/blog\/wp-content\/uploads\/2015\/01\/banner-video2-1.jpg","thumbnail_width":930,"thumbnail_height":102,"description":"Quelques jours apr\u00e8s l\u2019annonce de l\u2019abandon de la suppression du taux plancher, l\u2019onde de choc continue \u00e0 porter son effet sur le Grande Gen\u00e8ve et toute la zone frontali\u00e8re. Bingo pour les uns avec une augmentation de pouvoir d\u2019achat de plus de 20% mais dur, dur, pour les entreprises suisses exportatrices et pour ceux qui [&hellip;]"}

19/01/2015 - La vie avec la parité €/CHF ! - Mon-taux.com - Blog des experts en frontaliers

<blockquote class="wp-embedded-content" data-secret="ewZYqVeFKW"><a href="https://mon-taux.com/blog/2015/01/19/19012015-la-vie-avec-la-parite-echf/">19/01/2015 &#8211; La vie avec la parité €/CHF !</a></blockquote><iframe sandbox="allow-scripts" security="restricted" src="https://mon-taux.com/blog/2015/01/19/19012015-la-vie-avec-la-parite-echf/embed/#?secret=ewZYqVeFKW" width="600" height="338" title="« 19/01/2015 &#8211; La vie avec la parité €/CHF ! » &#8212; Mon-taux.com - Blog des experts en frontaliers" data-secret="ewZYqVeFKW" frameborder="0" marginwidth="0" marginheight="0" scrolling="no" class="wp-embedded-content"></iframe><script>
/*! This file is auto-generated */
!function(d,l){"use strict";l.querySelector&&d.addEventListener&&"undefined"!=typeof URL&&(d.wp=d.wp||{},d.wp.receiveEmbedMessage||(d.wp.receiveEmbedMessage=function(e){var t=e.data;if((t||t.secret||t.message||t.value)&&!/[^a-zA-Z0-9]/.test(t.secret)){for(var s,r,n,a=l.querySelectorAll('iframe[data-secret="'+t.secret+'"]'),o=l.querySelectorAll('blockquote[data-secret="'+t.secret+'"]'),c=new RegExp("^https?:$","i"),i=0;i<o.length;i++)o[i].style.display="none";for(i=0;i<a.length;i++)s=a[i],e.source===s.contentWindow&&(s.removeAttribute("style"),"height"===t.message?(1e3<(r=parseInt(t.value,10))?r=1e3:~~r<200&&(r=200),s.height=r):"link"===t.message&&(r=new URL(s.getAttribute("src")),n=new URL(t.value),c.test(n.protocol))&&n.host===r.host&&l.activeElement===s&&(d.top.location.href=t.value))}},d.addEventListener("message",d.wp.receiveEmbedMessage,!1),l.addEventListener("DOMContentLoaded",function(){for(var e,t,s=l.querySelectorAll("iframe.wp-embedded-content"),r=0;r<s.length;r++)(t=(e=s[r]).getAttribute("data-secret"))||(t=Math.random().toString(36).substring(2,12),e.src+="#?secret="+t,e.setAttribute("data-secret",t)),e.contentWindow.postMessage({message:"ready",secret:t},"*")},!1)))}(window,document);
</script>

Quelques jours après l’annonce de l’abandon de la suppression du taux plancher, l’onde de choc continue à porter son effet sur le Grande Genève et toute la zone frontalière. Bingo pour les uns avec une augmentation de pouvoir d’achat de plus de 20% mais dur, dur, pour les entreprises suisses exportatrices et pour ceux qui [&hellip;]
