{"version":"1.0","provider_name":"Mon-taux.com - Blog des experts en frontaliers","provider_url":"https:\/\/mon-taux.com\/blog","author_name":"montaux","author_url":"https:\/\/mon-taux.com\/blog\/author\/montaux\/","title":"20\/08\/12 - Rien de nouveau sous le soleil ? - Mon-taux.com - Blog des experts en frontaliers","type":"rich","width":600,"height":338,"html":"<blockquote class=\"wp-embedded-content\" data-secret=\"N5caiGHZnX\"><a href=\"https:\/\/mon-taux.com\/blog\/2012\/08\/20\/200812-rien-de-nouveau-sous-le-soleil\/\">20\/08\/12 &#8211; Rien de nouveau sous le soleil ?<\/a><\/blockquote><iframe sandbox=\"allow-scripts\" security=\"restricted\" src=\"https:\/\/mon-taux.com\/blog\/2012\/08\/20\/200812-rien-de-nouveau-sous-le-soleil\/embed\/#?secret=N5caiGHZnX\" width=\"600\" height=\"338\" title=\"\u00ab\u00a020\/08\/12 &#8211; Rien de nouveau sous le soleil ?\u00a0\u00bb &#8212; Mon-taux.com - Blog des experts en frontaliers\" data-secret=\"N5caiGHZnX\" frameborder=\"0\" marginwidth=\"0\" marginheight=\"0\" scrolling=\"no\" class=\"wp-embedded-content\"><\/iframe><script>\n\/*! This file is auto-generated *\/\n!function(d,l){\"use strict\";l.querySelector&&d.addEventListener&&\"undefined\"!=typeof URL&&(d.wp=d.wp||{},d.wp.receiveEmbedMessage||(d.wp.receiveEmbedMessage=function(e){var t=e.data;if((t||t.secret||t.message||t.value)&&!\/[^a-zA-Z0-9]\/.test(t.secret)){for(var s,r,n,a=l.querySelectorAll('iframe[data-secret=\"'+t.secret+'\"]'),o=l.querySelectorAll('blockquote[data-secret=\"'+t.secret+'\"]'),c=new RegExp(\"^https?:$\",\"i\"),i=0;i<o.length;i++)o[i].style.display=\"none\";for(i=0;i<a.length;i++)s=a[i],e.source===s.contentWindow&&(s.removeAttribute(\"style\"),\"height\"===t.message?(1e3<(r=parseInt(t.value,10))?r=1e3:~~r<200&&(r=200),s.height=r):\"link\"===t.message&&(r=new URL(s.getAttribute(\"src\")),n=new URL(t.value),c.test(n.protocol))&&n.host===r.host&&l.activeElement===s&&(d.top.location.href=t.value))}},d.addEventListener(\"message\",d.wp.receiveEmbedMessage,!1),l.addEventListener(\"DOMContentLoaded\",function(){for(var e,t,s=l.querySelectorAll(\"iframe.wp-embedded-content\"),r=0;r<s.length;r++)(t=(e=s[r]).getAttribute(\"data-secret\"))||(t=Math.random().toString(36).substring(2,12),e.src+=\"#?secret=\"+t,e.setAttribute(\"data-secret\",t)),e.contentWindow.postMessage({message:\"ready\",secret:t},\"*\")},!1)))}(window,document);\n<\/script>\n","description":"C\u2019est la conclusion qui s\u2019impose en suivant la courbe du cours euro\/chf depuis le d\u00e9but l\u2019ann\u00e9e. Le taux de change reste sur la courbe \u00e0 1,20 gr\u00e2ce \u00e0 l\u2019intervention de la BNS pour faire face \u00e0 une Europe en crise. En Suisse, la situation des affaires s\u2019est encore am\u00e9lior\u00e9e en Juillet selon le dernier barom\u00e8tre [&hellip;]"}

C’est la conclusion qui s’impose en suivant la courbe du cours euro/chf depuis le début l’année. Le taux de change reste sur la courbe à 1,20 grâce à l’intervention de la BNS pour faire face à une Europe en crise. En Suisse, la situation des affaires s’est encore améliorée en Juillet selon le dernier baromètre [&hellip;]
