{"version":"1.0","provider_name":"Mon-taux.com - Blog des experts en frontaliers","provider_url":"https:\/\/mon-taux.com\/blog","author_name":"montaux","author_url":"https:\/\/mon-taux.com\/blog\/author\/montaux\/","title":"17\/08\/11- Le Franc Suisse restera fort - Mon-taux.com - Blog des experts en frontaliers","type":"rich","width":600,"height":338,"html":"<blockquote class=\"wp-embedded-content\" data-secret=\"EQ54pWhQcr\"><a href=\"https:\/\/mon-taux.com\/blog\/2011\/08\/17\/170811-le-franc-suisse-restera-fort\/\">17\/08\/11- Le Franc Suisse restera fort<\/a><\/blockquote><iframe sandbox=\"allow-scripts\" security=\"restricted\" src=\"https:\/\/mon-taux.com\/blog\/2011\/08\/17\/170811-le-franc-suisse-restera-fort\/embed\/#?secret=EQ54pWhQcr\" width=\"600\" height=\"338\" title=\"\u00ab\u00a017\/08\/11- Le Franc Suisse restera fort\u00a0\u00bb &#8212; Mon-taux.com - Blog des experts en frontaliers\" data-secret=\"EQ54pWhQcr\" frameborder=\"0\" marginwidth=\"0\" marginheight=\"0\" scrolling=\"no\" class=\"wp-embedded-content\"><\/iframe><script>\n\/*! This file is auto-generated *\/\n!function(d,l){\"use strict\";l.querySelector&&d.addEventListener&&\"undefined\"!=typeof URL&&(d.wp=d.wp||{},d.wp.receiveEmbedMessage||(d.wp.receiveEmbedMessage=function(e){var t=e.data;if((t||t.secret||t.message||t.value)&&!\/[^a-zA-Z0-9]\/.test(t.secret)){for(var s,r,n,a=l.querySelectorAll('iframe[data-secret=\"'+t.secret+'\"]'),o=l.querySelectorAll('blockquote[data-secret=\"'+t.secret+'\"]'),c=new RegExp(\"^https?:$\",\"i\"),i=0;i<o.length;i++)o[i].style.display=\"none\";for(i=0;i<a.length;i++)s=a[i],e.source===s.contentWindow&&(s.removeAttribute(\"style\"),\"height\"===t.message?(1e3<(r=parseInt(t.value,10))?r=1e3:~~r<200&&(r=200),s.height=r):\"link\"===t.message&&(r=new URL(s.getAttribute(\"src\")),n=new URL(t.value),c.test(n.protocol))&&n.host===r.host&&l.activeElement===s&&(d.top.location.href=t.value))}},d.addEventListener(\"message\",d.wp.receiveEmbedMessage,!1),l.addEventListener(\"DOMContentLoaded\",function(){for(var e,t,s=l.querySelectorAll(\"iframe.wp-embedded-content\"),r=0;r<s.length;r++)(t=(e=s[r]).getAttribute(\"data-secret\"))||(t=Math.random().toString(36).substring(2,12),e.src+=\"#?secret=\"+t,e.setAttribute(\"data-secret\",t)),e.contentWindow.postMessage({message:\"ready\",secret:t},\"*\")},!1)))}(window,document);\n<\/script>\n","thumbnail_url":null,"thumbnail_width":null,"thumbnail_height":null,"description":"&nbsp; Au risque de nous r\u00e9p\u00e9ter de semaine en semaine, le Franc Suisse continue de battre de nouveau record. Pour le plus grand bonheur des frontaliers mais au grand d\u00e9sespoir des entreprises helv\u00e9tiques exportatrices et celles actives dans le\u00a0 tourisme. Plomb\u00e9s par 30 ann\u00e9es de d\u00e9penses publiques non maitris\u00e9es, une grande partie des pays europ\u00e9ens [&hellip;]"}

&nbsp; Au risque de nous répéter de semaine en semaine, le Franc Suisse continue de battre de nouveau record. Pour le plus grand bonheur des frontaliers mais au grand désespoir des entreprises helvétiques exportatrices et celles actives dans le  tourisme. Plombés par 30 années de dépenses publiques non maitrisées, une grande partie des pays européens [&hellip;]
